{"id":11,"date":"2020-08-31T16:25:52","date_gmt":"2020-08-31T14:25:52","guid":{"rendered":"https:\/\/www.textforadling.se\/?page_id=11"},"modified":"2021-03-08T07:34:22","modified_gmt":"2021-03-08T06:34:22","slug":"hem","status":"publish","type":"page","link":"https:\/\/www.textforadling.se\/","title":{"rendered":"Hem"},"content":{"rendered":"<p>[vc_row full_width=&#8221;stretch_row_content_no_spaces&#8221;][vc_column][vc_single_image image=&#8221;13&#8243; img_size=&#8221;full&#8221;][\/vc_column][\/vc_row][vc_row full_width=&#8221;stretch_row&#8221; css=&#8221;.vc_custom_1598884316053{background-color: #3b4b3f !important;}&#8221;][vc_column width=&#8221;2\/3&#8243;][vc_column_text el_class=&#8221;vittext&#8221; css=&#8221;.vc_custom_1599735760638{padding-bottom: 40px !important;}&#8221;]<\/p>\n<h1>Bra texter s\u00e4ljer! Och en riktigt bra skribent hittar du hos Per Tedin Textf\u00f6r\u00e4dling<\/h1>\n<p>Med l\u00e4ttl\u00e4sta, \u00e4ndam\u00e5lsenliga och informativa texter tydligg\u00f6r jag nyttan av olika produkter och tj\u00e4nster. P\u00e5 s\u00e5 s\u00e4tt hj\u00e4lper jag f\u00f6retag och organisationer att kommunicera med gamla och nya kunder, hitta nya marknader, \u00f6ka sin oms\u00e4ttning och f\u00f6r\u00e4dla sitt varum\u00e4rke.<\/p>\n<p>Svenska \u00e4r mitt modersm\u00e5l men jag skriver \u00e4ven p\u00e5 och \u00f6vers\u00e4tter fr\u00e5n engelska.<\/p>\n<p><strong>Per Tedin Textf\u00f6r\u00e4dling \u00ad\u2013 n\u00e4r orden ska bli till guld.<\/strong>[\/vc_column_text][\/vc_column][vc_column width=&#8221;1\/3&#8243;][\/vc_column][\/vc_row][vc_row full_width=&#8221;stretch_row&#8221; css=&#8221;.vc_custom_1599810040123{background-color: #e8e8e8 !important;}&#8221; el_id=&#8221;blogg&#8221;][vc_column][vc_basic_grid post_type=&#8221;post&#8221; max_items=&#8221;4&#8243; element_width=&#8221;3&#8243; item=&#8221;51&#8243; grid_id=&#8221;vc_gid:1614853176165-555c1f87359aa7b30ec5c312ee10d981-5&#8243; css=&#8221;.vc_custom_1604654008001{padding-bottom: 40px !important;}&#8221; taxonomies=&#8221;3&#8243;][\/vc_column][\/vc_row][vc_row full_width=&#8221;stretch_row&#8221; css=&#8221;.vc_custom_1599810058449{background-color: #3b4b3f !important;}&#8221; el_id=&#8221;om&#8221;][vc_column width=&#8221;2\/3&#8243;][vc_column_text el_class=&#8221;vittext&#8221; css=&#8221;.vc_custom_1599735896990{padding-bottom: 40px !important;}&#8221;]<\/p>\n<h1>Om mig<\/h1>\n<p>R\u00f6tterna har jag i dagstidningsjournalistiken, som ledarskribent och kolumnist. Sedan b\u00f6rjan av 2000-talet \u00e4r jag egenf\u00f6retagare och har hittat uppdragsgivare bland allt fr\u00e5n nystartade enmansf\u00f6retag till universitetsf\u00f6rlag, b\u00f6rsnoterade teknikbolag och statliga myndigheter.[\/vc_column_text][\/vc_column][vc_column width=&#8221;1\/3&#8243;][\/vc_column][\/vc_row][vc_row el_id=&#8221;referenser&#8221;][vc_column][vc_column_text css=&#8221;.vc_custom_1600672766556{padding-top: 20px !important;padding-bottom: 20px !important;background-color: #e8e8e8 !important;border-radius: 35px !important;}&#8221;]<\/p>\n<h3 style=\"text-align: center;\">N\u00e5gra av mina kunder:<\/h3>\n<p>[\/vc_column_text][vc_empty_space height=&#8221;40&#8243;][vc_posts_slider count=&#8221;All&#8221; interval=&#8221;10&#8243; slides_content=&#8221;teaser&#8221; slides_title=&#8221;1&#8243; link=&#8221;link_no&#8221; thumb_size=&#8221;558&#215;226&#8243; orderby=&#8221;date&#8221; posttypes=&#8221;post&#8221; categories=&#8221;referens&#8221; el_class=&#8221;own_flex&#8221;][\/vc_column][\/vc_row]<\/p>\n","protected":false},"excerpt":{"rendered":"<p>[vc_row full_width=&#8221;stretch_row_content_no_spaces&#8221;][vc_column][vc_single_image image=&#8221;13&#8243; img_size=&#8221;full&#8221;][\/vc_column][\/vc_row][vc_row full_width=&#8221;stretch_row&#8221; css=&#8221;.vc_custom_1598884316053{background-color: #3b4b3f !important;}&#8221;][vc_column width=&#8221;2\/3&#8243;][vc_column_text el_class=&#8221;vittext&#8221; css=&#8221;.vc_custom_1599735760638{padding-bottom: 40px !important;}&#8221;] Bra texter s\u00e4ljer! Och en riktigt bra skribent hittar du hos Per Tedin Textf\u00f6r\u00e4dling Med l\u00e4ttl\u00e4sta, \u00e4ndam\u00e5lsenliga och informativa texter tydligg\u00f6r jag nyttan av olika produkter och tj\u00e4nster. P\u00e5 s\u00e5 s\u00e4tt hj\u00e4lper jag f\u00f6retag och organisationer att kommunicera med gamla och nya [&hellip;]<\/p>\n","protected":false},"author":1,"featured_media":0,"parent":0,"menu_order":0,"comment_status":"closed","ping_status":"closed","template":"","meta":[],"acf":[],"_links":{"self":[{"href":"https:\/\/www.textforadling.se\/index.php\/wp-json\/wp\/v2\/pages\/11"}],"collection":[{"href":"https:\/\/www.textforadling.se\/index.php\/wp-json\/wp\/v2\/pages"}],"about":[{"href":"https:\/\/www.textforadling.se\/index.php\/wp-json\/wp\/v2\/types\/page"}],"author":[{"embeddable":true,"href":"https:\/\/www.textforadling.se\/index.php\/wp-json\/wp\/v2\/users\/1"}],"replies":[{"embeddable":true,"href":"https:\/\/www.textforadling.se\/index.php\/wp-json\/wp\/v2\/comments?post=11"}],"version-history":[{"count":55,"href":"https:\/\/www.textforadling.se\/index.php\/wp-json\/wp\/v2\/pages\/11\/revisions"}],"predecessor-version":[{"id":284,"href":"https:\/\/www.textforadling.se\/index.php\/wp-json\/wp\/v2\/pages\/11\/revisions\/284"}],"wp:attachment":[{"href":"https:\/\/www.textforadling.se\/index.php\/wp-json\/wp\/v2\/media?parent=11"}],"curies":[{"name":"wp","href":"https:\/\/api.w.org\/{rel}","templated":true}]}}